*i. Let x(m) = -m - 2. Let v(b) = -5*k(b) - 6*x(b). List the prime factors of v(11).
13
Suppose -11*f = -10*f - 6. List the prime factors of f.
2, 3
Suppose 0*b + 129 = 3*b. List the prime factors of b.
43
Let h(x) = -13*x**2 + 2*x + 6. Let c be h(3). Let g = -56 - c. List the prime factors of g.
7
List the prime factors of 10 - 9 - (-34 - 1).
2, 3
Suppose -3*d = -1 + 55. Let a = d - -38. List the prime factors of a.
2, 5
Let h = -4 + -1. Let c = 30 - h. Suppose -c = -2*u - 11. What are the prime factors of u?
2, 3
Let s(l) = l**2 + 1. Let u be s(-2). Suppose -5*z = w - 2*w + 30, 0 = -w - 4*z - 15. Suppose -5*p - 35 = -w*t, u*t - 2*p = 16 + 19. List the prime factors of t.
7
Suppose 4*u - 224 = -0*u. What are the prime factors of u?
2, 7
Let t = 50 - 5. Suppose a - 13 = -2*c, -12 = 5*c + 3*a - t. What are the prime factors of c?
2, 3
Suppose -4 = q - 3. What are the prime factors of 2 + (1 - (-1 - q))?
3
Let s(j) = -j**2 + 4*j + 3. Let w be s(4). Suppose 5*x = 2*x - 21. Let a = w - x. What are the prime factors of a?
2, 5
Suppose 2*c + 16 = -52. Let i = 59 + c. List the prime factors of i.
5
Suppose 38 = 2*v + 124. Let n = 72 + v. List the prime factors of n.
29
Suppose 8*p - 228 - 532 = 0. List the prime factors of p.
5, 19
Let b = -3 + 4. Let w be 0/(b + 1*-2). Suppose 3*x - 7 + 1 = w. What are the prime factors of x?
2
Let i = -13 - -7. Let z = i + 8. What are the prime factors of z?
2
Let k = 7 + -2. Suppose -5*t + 74 = -r, -k = -2*r - 13. List the prime factors of t.
2, 7
Suppose g - 2*g = -8. Let x = g + -2. List the prime factors of x.
2, 3
Let h(s) = -25*s**3 + 1. Suppose 9*u - 11*u - 2 = 0. List the prime factors of h(u).
2, 13
Let d = -6 - -14. Let j be -1*1/((-1)/16). Suppose j = 3*f - d. What are the prime factors of f?
2
Let o be (-18)/(-3*3/(-6)). List the prime factors of (8/2)/(o/(-66)).
2, 11
Suppose -4*r = -597 - 867. What are the prime factors of r?
2, 3, 61
What are the prime factors of (-2 - 1)*-1 + 6 + 140?
149
Let l be 2/2 - 6/6. Let h = l - 0. Suppose t - 5 - 1 = h. List the prime factors of t.
2, 3
Let m = 217 - 86. List the prime factors of m.
131
Let x = -34 - 44. List the prime factors of x/(-21) + (-2)/(-7).
2
Suppose -4*y = 24 - 112. List the prime factors of -2*(y/(-4) + -2).
3, 5
Let s be 2/8 + 127/4. Suppose 4*v = -2*c - s + 304, 2*c + 218 = 3*v. List the prime factors of ((-4)/(-10))/(7/v).
2
Suppose 0*j + 2*j - 4 = 0. Let i(l) be the second derivative of l**3 - l**2 + l. List the prime factors of i(j).
2, 5
Let r(h) be the second derivative of -h + 0 + 3/2*h**2 - 1/6*h**3. List the prime factors of r(-6).
3
Suppose 101*x - 168 = 99*x. What are the prime factors of x?
2, 3, 7
Let o = 55 + -40. List the prime factors of o.
3, 5
Let x = 120 + -70. Suppose 7*v + x = 2*v. Let t = v - -20. List the prime factors of t.
2, 5
Let k(q) be the second derivative of -q**4/12 - 13*q**3/6 - 7*q**2 - 2*q. Suppose -3*z + 10 = -4*z. List the prime factors of k(z).
2
Let u be (6/4 + 0)*2. Let h be (-3)/(-9)*-3*-5. Suppose u*g - 44 = -h. What are the prime factors of g?
13
Let f(t) = -2 + 2 + t - 3*t**2 + t**3 - 3. Let v be (-9)/(-3)*(-4)/(-3). List the prime factors of f(v).
17
Let z(p) = p + 11. Let x be z(5). Suppose -h + b = 0, -5*h + h - 4*b + x = 0. What are the prime factors of h?
2
Suppose -3*g + 0*g = -k + 8, -5*g - 46 = -4*k. Suppose -t + k = -3. What are the prime factors of t?
17
Let f = 72 - 11. Suppose 4*j - 3*s - 14 - f = 0, 2*j + 2*s = 48. What are the prime factors of j?
3, 7
Suppose u = -5*i - 92, 2*u = -3*i + 5*u - 48. List the prime factors of -10 + 8 - (i - 1).
17
Suppose -3*f + 216 + 375 = 0. List the prime factors of f.
197
Let w(q) = q**3 + 2*q - 3. Let p be w(2). Let a(v) = -v**2 + 2*v**2 + p*v + 0*v**2 - 7 + 3. What are the prime factors of a(-10)?
2, 3
Suppose -g = -4*j + 3*g + 4, 4*g = 3*j. Suppose 0 = -j*d + 2*d. What are the prime factors of d + 12/(3 - 0)?
2
Suppose -5*c + 25 = -0*l - l, -4*c + 4*l = -36. Let a(x) = 3*x**2 - 6*x. Let v be a(c). Suppose g + v = 5*g. What are the prime factors of g?
2, 3
Let w(f) = f - 15. Let u(n) = -1. Let z(a) = 6*u(a) - w(a). List the prime factors of z(0).
3
Let o be 3 - (-2 + 2 + 0). Suppose -2*g + o*g = 0. Let q = 4 - g. List the prime factors of q.
2
Let k(p) = -3*p**2 + p + 2. Let a(z) = -4*z**2 + 2. Let l(g) = 4*a(g) - 5*k(g). Suppose 5*v + 2*f + 25 = -0*v, -5*v + 3*f = 0. List the prime factors of l(v).
2
Let l be 6/8 + (-10)/(-8). Let x = l - -8. What are the prime factors of x?
2, 5
Let a(i) = 6*i**3 - 2*i**2 + 2*i - 1. Let b be a(1). Suppose -4*v + 5*l = 11, 3*l + 23 = -b*v - 0*l. What are the prime factors of (2/3)/(v/(-30))?
5
Let i(f) = 2*f**2 - 10*f - 8. Let s be i(6). Suppose -g + 175 = s*g. What are the prime factors of g?
5, 7
Let c(o) be the first derivative of o**4/2 - 2*o**3/3 - 3*o**2/2 + 3*o - 3. What are the prime factors of c(3)?
2, 3, 5
Suppose 0 = 2*n + 4*k - k + 11, k = 5*n + 19. Let c be n/(-4)*-2*3. Let f = c - -10. List the prime factors of f.
2
Let j = 20 - -48. Suppose 2*b - j = -2*b. List the prime factors of b.
17
Let p(c) be the first derivative of 4*c**3/3 - c**2/2 - c - 1. Let v(s) = s**2 + 9*s - 2. Let n be v(-9). List the prime factors of p(n).
17
Let x(d) = d + 13. Let g be x(9). Suppose 2*c = y + y - g, 3*c + 63 = 5*y. What are the prime factors of y?
3, 5
Let a(b) = -b**3 + 2*b + 1. Let u be a(2). Let y be (0 - (5 - 2))*u. Let s = y + -6. List the prime factors of s.
3
Suppose -a = -37 - 52. Suppose 5*r = a - 14. List the prime factors of r.
3, 5
Let u be 6/8 - 108/(-48). Suppose -15 - 48 = -u*t. What are the prime factors of t?
3, 7
List the prime factors of (2/(-6))/(1/(-171)).
3, 19
Suppose -m - 4*m - 92 = -2*r, 3*r = 2*m + 138. What are the prime factors of r?
2, 23
Let u(t) = t**2 - 1. Let q be u(0). List the prime factors of ((-3)/9)/(q/12).
2
Let c(d) be the first derivative of -d**2 + 2*d - 2. List the prime factors of c(-6).
2, 7
Let y = 53 + -11. What are the prime factors of y?
2, 3, 7
Let d(i) = -i**2 - 6*i. Let a be (4 + -4)/(6/2). Suppose -3*b - 5 - 10 = a. List the prime factors of d(b).
5
Let i = 15 - -2. Suppose 5*q = -2*d + i - 4, -1 = d. What are the prime factors of q?
3
Let z(r) = r**3 + 6*r**2 + 3*r + 3. Let c(s) = -s**3 + 4*s**2 + 5*s - 5. Let f be c(5). List the prime factors of z(f).
13
List the prime factors of (-3)/((-45)/10)*(1 - -116).
2, 3, 13
Let n(k) = 2*k**2 + 4*k - 1. Let b be n(-3). Let r = 20 - b. Suppose 0 = -3*t - 3*a + r, -t - 4*a = -6 - 5. What are the prime factors of t?
3
Suppose 0*j + 4*j = -16. Let t = j - -39. List the prime factors of t.
5, 7
Suppose 3*v + 4 = 2*f, 2*v - 2*f = -1 - 3. Suppose -18 = -2*k - l, -2*k = -3*l - v - 2. What are the prime factors of 4 + k - (0 - 0)?
11
Let o = -6 + 13. Suppose -5*h - o*g + 45 = -2*g, 0 = -h + 3*g + 13. List the prime factors of h.
2, 5
Suppose 8*w = 3*w. Suppose 21 = s + 4*f, -s - 7 = -w*s - 3*f. List the prime factors of s.
5
Suppose 0 = h + 3, r = -r - 2*h + 232. List the prime factors of r.
7, 17
Suppose -2*c + c + 5 = 0. Suppose 0 = -2*z - o + 1, -c*o + o - 16 = -2*z. Suppose 0*n + 4*u = -z*n + 18, 4*n + 5*u = 30. What are the prime factors of n?
5
Suppose t + 4 = 0, -3*k = -8*k + 4*t + 16. Suppose -x + o - 2 + 1 = k, 2*x + 5*o - 19 = 0. Suppose 0 = x*d - d - 8. List the prime factors of d.
2
Let l = -5 - -6. Let f = 2 - l. Let d = f - -2. List the prime factors of d.
3
Let g = -415 + 710. What are the prime factors of g?
5, 59
Let i(a) = -2*a**2 - 13*a - 7. List the prime factors of i(-3).
2, 7
Let v(q) = q**2 - 5*q + 6. Let d be v(4). Let u = d - 6. Let l = 11 + u. List the prime factors of l.
7
Suppose 0 = d - 4*d. Let z be 1 + d + (-1)/(-1). Suppose -z*h + 3*h + 2*j = 20, 0 = -3*j + 12. List the prime factors of h.
2, 3
Let x be 4 + (-1)/2*2. Suppose -u + 0 + 5 = 2*i, -3*u + x*i = -51. Let t = -8 + u. What are the prime factors of t?
5
Let d(p) = 34*p + 2. What are the prime factors of d(1)?
2, 3
List the prime factors of 1/(1/5) + 4.
3
Let d(i) = i**2 - i. Suppose 0 = 4*w + 20 - 0. List the prime factors of d(w).
2, 3, 5
Suppose -3*r + 5*r - 4 = 0. What are the prime factors of (21/(-3) - r)/(-1)?
3
List the prime factors of ((-45)/(-12))/(6/16).
2, 5
Suppose -x + 465 = 4*x - 5*u, 3*u = x - 97. List the prime factors of 